divide 64436?
True
Is 329388 a multiple of 12?
True
Does 259 divide 58534?
True
Is 53 a factor of 104528?
False
Does 10 divide 125630?
True
Is 28 a factor of 1362261?
False
Does 1066 divide 11089647?
False
Is 149720 a multiple of 361?
False
Is 2525313 a multiple of 238?
False
Is 126 a factor of 13865670?
True
Is 335420 a multiple of 91?
False
Does 92 divide 3065716?
True
Is 75 a factor of 97350?
True
Does 369 divide 140265?
False
Is 43 a factor of 127432?
False
Does 5 divide 348319?
False
Is 3019446 a multiple of 9?
True
Is 2111812 a multiple of 1485?
False
Is 32 a factor of 210944?
True
Does 56 divide 136158?
False
Does 541 divide 68181?
False
Is 123 a factor of 1080301?
False
Does 73 divide 36062?
True
Does 121 divide 35211?
True
Is 590 a factor of 589585?
False
Does 28 divide 1415092?
True
Is 717859 a multiple of 101?
False
Is 1359516 a multiple of 4?
True
Is 665672 a multiple of 14?
True
Is 529472 a multiple of 16?
True
Is 376467 a multiple of 637?
True
Does 288 divide 131328?
True
Does 25 divide 15844375?
True
Is 3225174 a multiple of 18?
False
Does 378 divide 553309?
False
Does 144 divide 18916704?
True
Does 32 divide 7151575?
False
Is 16 a factor of 59081?
False
Is 434358 a multiple of 59?
True
Is 155 a factor of 5742297?
False
Is 25 a factor of 1891100?
True
Is 19 a factor of 105564?
True
Is 4056429 a multiple of 22?
False
Is 1243018 a multiple of 19?
True
Does 9 divide 5507046?
True
Does 24 divide 2331048?
True
Is 182 a factor of 298662?
True
Is 370890 a multiple of 30?
True
Is 497055 a multiple of 90?
False
Is 133561 a multiple of 204?
False
Does 123 divide 1177971?
True
Does 3 divide 41889?
True
Is 84 a factor of 57288?
True
Is 28890 a multiple of 3?
True
Is 38 a factor of 279224?
True
Does 13 divide 30875030?
False
Is 39 a factor of 229916?
False
Is 109575 a multiple of 92?
False
Does 31 divide 369717?
False
Is 2213899 a multiple of 11?
False
Does 4 divide 30512?
True
Is 14 a factor of 29246?
True
Is 10 a factor of 3575290?
True
Is 19351467 a multiple of 27?
True
Does 17 divide 376125?
True
Is 11 a factor of 745808?
False
Is 22 a factor of 592064?
True
Does 22 divide 3322?
True
Does 498 divide 804776?
False
Is 291 a factor of 5529582?
True
Is 170 a factor of 159836?
False
Is 31 a factor of 1829000?
True
Is 34 a factor of 4233504?
False
Is 543 a factor of 247287?
False
Is 302608 a multiple of 19?
False
Is 232 a factor of 60218?
False
Is 357667 a multiple of 12?
False
Does 13 divide 162669?
True
Is 534 a factor of 11451630?
True
Is 83082 a multiple of 122?
True
Is 28 a factor of 381248?
True
Is 16 a factor of 1641328?
True
Is 602926 a multiple of 6?
False
Does 22 divide 2579698?
True
Is 270180 a multiple of 12?
True
Does 70 divide 44380?
True
Does 101 divide 626467?
False
Does 53 divide 1114908?
True
Is 34 a factor of 740724?
True
Is 1025 a factor of 3391971?
False
Does 9 divide 676187?
False
Is 8 a factor of 41892?
False
Does 490 divide 550360?
False
Does 903 divide 5543296?
False
Does 177 divide 1285728?
True
Is 336 a factor of 3838800?
True
Is 64 a factor of 115712?
True
Does 31 divide 20367?
True
Does 218 divide 1460716?
False
Is 10997216 a multiple of 21?
False
Is 5355 a multiple of 7?
True
Is 120992 a multiple of 7?
False
Is 536454 a multiple of 9?
True
Does 174 divide 24767334?
True
Does 51 divide 153315?
False
Does 13 divide 7432575?
False
Is 45445 a multiple of 305?
True
Does 41 divide 4223533?
True
Is 72 a factor of 481246?
False
Is 258 a factor of 266256?
True
Is 372 a factor of 256831?
False
Is 4232676 a multiple of 42?
True
Does 63 divide 1212687?
True
Does 176 divide 268290?
False
Is 273288 a multiple of 6?
True
Does 20 divide 62120?
True
Is 157 a factor of 2276657?
True
Is 12 a factor of 32457996?
True
Is 5 a factor of 665?
True
Is 34 a factor of 764524?
True
Does 149 divide 3968168?
True
Is 4 a factor of 25793?
False
Does 120 divide 171697?
False
Is 16 a factor of 478032?
True
Is 71167 a multiple of 26?
False
Does 17 divide 1378751?
True
Is 3 a factor of 22596?
True
Is 180541 a multiple of 186?
False
Is 1979774 a multiple of 65?
False
Is 1909 a factor of 11226632?
False
Is 156280 a multiple of 40?
True
Is 5007684 a multiple of 132?
True
Does 123 divide 50184?
True
Is 35584 a multiple of 278?
True
Is 5971544 a multiple of 314?
False
Is 21166 a multiple of 8?
False
Is 45 a factor of 6971308?
False
Does 5 divide 18911?
False
Is 8745120 a multiple of 120?
True
Is 11682680 a multiple of 20?
True
Is 142 a factor of 1303986?
True
Does 2 divide 13505?
False
Is 725150 a multiple of 32?
False
Is 2343634 a multiple of 179?
False
Does 262 divide 13578428?
False
Is 3 a factor of 36965?
False
Does 237 divide 579961?
False
Is 315062 a multiple of 22?
True
Does 47 divide 13374602?
True
Does 153 divide 182223?
True
Is 79 a factor of 65447?
False
Does 9 divide 70974?
True
Is 84 a factor of 10340736?
True
Does 282 divide 68357?
False
Is 644623 a multiple of 29?
False
Does 135 divide 75555?
False
Is 160661 a multiple of 463?
True
Does 458 divide 377482?
False
Does 294 divide 486228?
False
Is 29610 a multiple of 14?
True
Is 2480526 a multiple of 114?
True
Is 8972404 a multiple of 1918?
True
Is 21 a factor of 1248681?
True
Is 2791808 a multiple of 32?
True
Is 2958592 a multiple of 16?
True
Is 2 a factor of 38141?
False
Is 9 a factor of 80881?
False
Does 38 divide 4415591?
False
Does 1692 divide 1834128?
True
Is 39964 a multiple of 103?
True
Is 1402850 a multiple of 50?
True
Is 10483633 a multiple of 12?
False
Is 96840 a multiple of 30?
True
Is 31 a factor of 2031063?
False
Is 34 a factor of 257457?
False
Does 2 divide 7746?
True
Does 28 divide 223428?
False
Is 14 a factor of 550699?
False
Is 6303244 a multiple of 179?
False
Is 137 a factor of 15599?
False
Is 670915 a multiple of 661?
True
Is 3 a factor of 20409?
True
Is 425603 a multiple of 73?
False
Is 1425437 a multiple of 247?
True
Is 11 a factor of 1382426?
False
Is 260139 a multiple of 51?
False
Does 262 divide 69430?
True
Does 5 divide 71794?
False
Is 173854 a multiple of 94?
False
Is 53 a factor of 3737065?
False
Does 18 divide 407232?
True
Is 19 a factor of 14228872?
True
Is 28 a factor of 940207?
False
Is 14 a factor of 516072?
False
Is 247 a factor of 640224?
True
Is 188 a factor of 1055808?
True
Is 82 a factor of 10669184?
True
Is 4139905 a multiple of 602?
False
Does 325 divide 57030?
False
Does 235 divide 59690?
True
Is 154350 a multiple of 343?
True
Does 74 divide 832231?
False
Is 4824198 a multiple of 6?
True
Does 9 divide 1688501?
False
Is 118 a factor of 46322?
False
Is 14817267 a multiple of 141?
True
Does 55 divide 116270?
True
Is 52151 a multiple of 186?
False
Is 134 a factor of 374074?
False
Does 32 divide 98592?
True
Is 292974 a multiple of 253?
True
Does 797 divide 888274?
False
Is 23 a factor of 36685?
True
Is 169148 a multiple of 49?
True
Does 245 divide 110985?
True
Is 92 a factor of 161184?
True
Is 169 a factor of 94910?
False
Is 157 a factor of 16328?
True
Does 5 divide 841891?
False
Does 46 divide 51899?
False
Is 293322 a multiple of 11?
False
Does 13 divide 5820607?
True
Does 75 divide 395475?
True
Is 6 a factor of 598683?
False
Is 49592 a multiple of 42?
False
Is 5780882 a multiple of 192?
False
Is 206868 a multiple of 17?
False
Is 9 a factor of 17806?
False
Is 18330581 a multiple of 9?
False
Does 24 divide 5387568?
True
Is 359 a factor of 4337187?
False
Is 476496 a multiple of 16?
True
Is 21 a factor of 170499?
True
Is 97063 a multiple of 88?
False
Is 156782 a multiple of 386?
False
Is 287 a factor of 133168?
True
Does 49 divide 140709?
False
Does 35 divide 1933225?
True
Does 62 divide 2084654?
False
Does 13 divide 3939250?
False
Is 7340053 a multiple of 49?
True
Does 32 divide 846400?
True
Is 44 a factor of 7356509?
False
Does 22 divide 144980?
True
Is 84 a factor of 797465?
False
Is 41287 a multiple of 16?
False
Is 45 a factor of 37802?
False
Is 75 a factor of 6030?
False
Is 3381147 a multiple of 123?
True
Does 9 divide 218304?
True
Does 223 divide 3495370?
False
Is 108 a factor of 618408?
True
Does 188 divide 5044228?
True
Is 47 a factor of 757546?
True
Does 211 divide 152634?
False
Is 17607884 a multiple of 2258?
True
Does 14 divide 1785171?
False
Is 8 a factor of 6832?
True
Does 823 divide 759237?
False
Is 11 a factor of 10588292?
True
Does 324 div